 = -2*r + 2. Calculate the remainder when 89 is divided by r.
9
Let z(y) = y**3 - 2*y**2 - 67*y + 3. Calculate the remainder when 270 is divided by z(-7).
22
Let u = 812 - 780. Let a(x) = 3*x**2 - 5*x + 4. Let g be a(2). Calculate the remainder when g - 2 - (-1 - 56) is divided by u.
29
Suppose 2*a = -4*b + 252 + 236, -2*a - 619 = -5*b. Let o = -1 + 12. Calculate the remainder when b is divided by o.
2
Let f = -293 - -367. Let m be 4/2 - (2 + -2). Suppose 3*a - m*u = 43, 2*u = 6*u + 8. What is the remainder when f is divided by a?
9
Let h = -17724 + 17752. What is the remainder when 731 is divided by h?
3
What is the remainder when (-123)/6*22/(-3) + (-803)/2409 is divided by 47?
9
Let z(j) be the second derivative of -j**4/12 + 5*j**3/6 + 51*j**2/2 - 55*j. Suppose 300 = -c + 5*c. Calculate the remainder when c is divided by z(8).
21
Suppose 1868 = 3*d + 2*d - 1822. Calculate the remainder when d is divided by 121.
12
Let u(w) = -5*w - 8. Let c be 2*(-2)/8 - 39/(-6). Suppose 0 = 6*d + 42 + c. Calculate the remainder when 127 is divided by u(d).
31
Let a = -2491 - -2595. Calculate the remainder when a is divided by (-3)/(-7) + (-10406)/(-301).
34
Let a = -25 - 120. Let w = -76 - a. Suppose -5*g + 83 = -4*n, -10 = -4*g - n + w. What is the remainder when 74 is divided by g?
17
Let s = -243 - -589. Suppose s = z + 3*w - 74, 2*w + 395 = z. Suppose 0 = 7*a - 2*a - z. Calculate the remainder when a is divided by 21.
18
Suppose -6*f + 22 = -5*f. Suppose x + 2*a = 1, 2*x + a + 10 = -2*x. Let p(c) = -33*c - 12. What is the remainder when p(x) is divided by f?
21
Let f be 2/((-4 - -9)*6/(-15)). What is the remainder when 123 is divided by (-2 + f - 1)*(-77)/22?
11
Calculate the remainder when ((-4163)/(-362))/(4*(-1)/(-568)) is divided by 15.
13
Suppose -20*i + 224 = -13*i. Let d(b) = 31*b**2 + 3*b - 34. Calculate the remainder when d(3) is divided by i.
30
Suppose -4*i - 3*y + 38 = 0, 1212*i - 6*y - 8 = 1214*i. Suppose 2*w - 131 = 111. What is the remainder when w is divided by i?
9
Let i = 563 - 602. Suppose -q + 3 = 5*p + 36, -q - 57 = -p. Let m = i - q. What is the remainder when 38 is divided by m?
10
Let d = 18253 + -16596. Calculate the remainder when d is divided by 1650.
7
Calculate the remainder when (2/(-7))/((-9)/21987) is divided by 337.
24
Let y(a) = -28*a**3 - 44*a**2 + 3*a - 39. Calculate the remainder when 4694 is divided by y(-5).
2
Let x(c) = 2*c + 34. Let z be x(-18). Let j be 8/4*(-11)/z. Suppose 0 = w - 2*w + j. Calculate the remainder when 63 is divided by w.
8
Suppose -5 - 3 = -2*j. Let t = -531 - -523. What is the remainder when 16 is divided by 8/t*-2*22/j?
5
Suppose -878 = 13*p - 2581. Let i = p - 113. Calculate the remainder when ((-234)/(-15))/(6/40) is divided by i.
14
Suppose -16*k - 15085 = -93549. What is the remainder when k is divided by 6?
2
Let h be (0 + -4 - -6) + 1. Suppose h*l + 3*k = 367 - 70, -4*l = -k - 406. Let s = l - 73. Calculate the remainder when s is divided by 18.
10
Calculate the remainder when 308 is divided by 300/7 + (-3)/(-21).
7
Let y = 15 + -1. Suppose -3*n + 8*n = -5, 3*j - 2*n = 623. What is the remainder when j is divided by y?
11
Let s be (-2 - 3) + 0 + 31. Suppose -5*v = 5*o - 830, s*o - 12 = 23*o. Calculate the remainder when v is divided by 41.
39
Let o = 177 + -174. Suppose -2*r + 855 = 5*z, -2*z - 3*z + o*r = -855. Calculate the remainder when z is divided by 58.
55
Suppose 6*y + 3*y = -2070. Let l = -202 - y. Calculate the remainder when 96 is divided by l.
12
Suppose 0 = -12*y + 552 + 156. What is the remainder when y is divided by 16?
11
Let z = 1402 - 568. What is the remainder when z is divided by 273?
15
Suppose 4*n - 2*z = 26, -3*n - n + 19 = 5*z. Suppose 0 = 5*v - a - 386, 10*a = -57 - 3. What is the remainder when v is divided by n?
4
Suppose -513 = 546*v - 555*v. Calculate the remainder when 350 is divided by v.
8
Suppose -11*r + 9*r + 1086 = 3*u, -3*r + 369 = u. Let c = -348 + u. Calculate the remainder when 261 is divided by c.
9
Calculate the remainder when 5/(-2)*((-32306)/145 + 0) is divided by 71.
60
Suppose 0 = -3*k + 3*u, 5*k + 5*u - 37 = 13. Let v = -125 - -131. Suppose 0 = -19*i + v*i + 234. What is the remainder when i is divided by k?
3
Let j = 1168 - 827. Suppose -15*t = -j - 604. Suppose x + 0*x = 4, 2*r + 2*x - 72 = 0. Calculate the remainder when t is divided by r.
31
Suppose -2*k + 267 = -4*x + 1017, -5*x + 960 = 2*k. What is the remainder when 5126 is divided by x?
186
Let t = 18127 + -17456. Calculate the remainder when t is divided by 149.
75
Suppose -127*s + 547596 = 85*s. Calculate the remainder when s is divided by 68.
67
Suppose -8412 = -10*h - 2302. Calculate the remainder when h is divided by 73.
27
Let a = 30642 - 30628. Calculate the remainder when ((-7)/(-14))/(1/782) is divided by a.
13
Let y be (17 - 16)*(0 + -3). Calculate the remainder when 8 is divided by (2/8)/(y + (-26)/(-8)).
0
Let a(x) = -4*x + 6. Let z(s) = -s + 1. Let d(v) = 2*a(v) - 7*z(v). Suppose 0 = 5*j - 142 + 37. What is the remainder when j is divided by d(-6)?
10
Suppose 5*v - 903 = -g - 2*g, -3*v + 545 = 5*g. Let f = v + -170. Calculate the remainder when 29 is divided by f.
9
Suppose -3*z + 2*m = -2*m - 82, 4*z - 2*m = 86. Suppose -b + 2*b = 2. Calculate the remainder when z is divided by b.
0
Let j(t) = -t**3 + 7*t**2 + 4*t - 1. Suppose -x = -s - 6, 9 = -s + 7. What is the remainder when (-1)/x - (-11064)/96 is divided by j(6)?
56
Suppose 0 = -6*k - 2818 + 2914. Calculate the remainder when 987 is divided by k.
11
Suppose -5*m = 4*c - 3*c + 6, -3*c = -2*m - 16. Calculate the remainder when (-8*12)/(3/m) is divided by 4.
0
Let j = -3289 + 3381. Calculate the remainder when j is divided by 12.
8
Suppose 2*q - 7*q - m - 1101 = 0, 0 = -4*q - 5*m - 885. Calculate the remainder when q/(-8) + 9/6*-1 is divided by 23.
3
Let v(a) = a**3 - a**2 - 4*a + 5. Let r be v(0). Let n = 12 - 8. Suppose r*s + 26 = 3*m + 10*s, -m = 4*s - n. Calculate the remainder when 80 is divided by m.
8
Suppose -29*j - 9802 = -42*j. Calculate the remainder when j is divided by 12.
10
What is the remainder when 649 is divided by (-50 - ((-204)/(-255) + (-4)/5))*-1?
49
Suppose 48*v - 49*v - 29 = -2*o, o = -4*v - 8. Calculate the remainder when 748 is divided by o.
4
Let d = 40181 - 40073. Let o(u) = -u**3 + u**2 - u + 22. What is the remainder when d is divided by o(0)?
20
Suppose -28*y + 1422 = 6*y - 584. Calculate the remainder when 251 is divided by y.
15
Let q(d) = -d**3 - 3*d**2 - 2*d + 2. Let a be q(-2). What is the remainder when (12/9 - a)/(12/(-1098)) is divided by 7 + (-2 - -1) - -2?
5
Suppose 32*v + 99 = 28*v - 5*b, -v = -3*b + 12. Suppose -3*k - k + 42 = y, -3*y + k + 61 = 0. What is the remainder when y is divided by 1/(-14)*v - (-23)/2?
9
Let p(u) = -9*u + 3. Let c be p(2). Let n = c + 23. What is the remainder when 122 is divided by (248/32)/(2/n)?
29
Let o be 1 + (-6)/9 - 320/(-12). Suppose -2*n + 112 - o = m, 340 = 4*m - 4*n. Let l = m - 28. What is the remainder when l is divided by 20?
17
Suppose 30240 = -13*n + 30396. Calculate the remainder when n is divided by (-1 - (-3 + 4))*-2.
0
Let b be 8 + 1*(0 + -3)*1. Suppose -6*r + b*u = -2*r + 19, 0 = -u - 1. Let a(t) = -9*t - 40. What is the remainder when a(r) is divided by 8?
6
Suppose 0 = -2*s - s - 312. Let v = s - -108. Suppose -9 = -5*m - v*n + 11, 0 = -4*m + 2*n + 42. What is the remainder when 29 is divided by m?
5
Let v(g) = -5*g - 10. Let q be v(2). Let d = q + 24. What is the remainder when 73 is divided by (d/((-60)/(-9)))/(1/25)?
13
Suppose 119121 = 488*k + 95490 - 989945. What is the remainder when k is divided by 151?
114
Calculate the remainder when 2952 is divided by (-1155)/(-44)*(4 - 40/30).
12
Suppose -g + 3*g = 46. Let h(q) = q**3 + 31*q**2 - 1264*q - 982. Calculate the remainder when h(-54) is divided by g.
22
Suppose 5*p - 591 - 859 = 0. Suppose p = -5*v + 345. What is the remainder when 26 is divided by v?
4
Let z = 5508 + -5486. Suppose -v = 5*w + 15, -2*w = -2*v - 0*w + 18. What is the remainder when 43 is divided by (46/v)/(z/55)?
20
Suppose -22*q + 18*q - 434 = -2*j, 0 = 4*j + 3*q - 835. Suppose -f = -12*f + 781. What is the remainder when j is divided by f?
69
Let p = -1278 + 4409. What is the remainder when p is d